Suppose 2*w + 12 = i, -7*i - w + x = -2*i. What is the tens digit of i?
1
Let a(t) = t**3 - 15*t**2 + 28*t - 6. What is the units digit of a(14)?
0
Suppose 30 = 5*p + k + k, -4*p = -k - 11. Let d = -1 + p. What is the units digit of d?
3
Let v(d) = d**3 - d**2 + d. Suppose 0 = -4*z - 4*y - 3 - 5, 10 = -z - 3*y. Let k be 0 + (-3)/3 + z. What is the units digit of v(k)?
1
Suppose -12 = 4*p, -14*i + 13*i = -2*p - 234. What is the tens digit of i?
2
Suppose -14*n + 290 = -9*n. What is the tens digit of n?
5
Let g be (-27)/(-6)*12/9. Let j = 0 - g. What is the units digit of (10/(-3))/(4/j)?
5
Let r(c) = c**2 - 2*c + 1. Let j be (6/4)/(9/6). Let q be r(j). Suppose -4*v + 0*p + 3*p + 44 = q, 0 = -2*v - 2*p + 8. What is the units digit of v?
8
Let m = -85 - -157. What is the tens digit of m?
7
Let v(y) = -y**3 - 6*y**2 + 11*y + 11. Let q be v(-8). Let p = -11 + q. Suppose -4*r - 2*o + p = 0, 4*o + 8 + 11 = r. What is the units digit of r?
1
Let t be (2 - -16)/(4/(-6)). Let g = -11 - t. What is the units digit of g?
6
Suppose -4*w + 3*q + 169 = -0*w, 5*q + 210 = 5*w. What is the units digit of 6/9 + w/3?
5
Suppose -c + 28 = 4*v, -6*c + 4*c + 56 = 5*v. Suppose 8*z - c = 6*z. What is the tens digit of z?
1
Let c(g) be the third derivative of -g**6/120 + g**5/10 + g**3/6 - g**2. What is the units digit of c(5)?
6
Let l(x) = -47*x + 15. What is the units digit of l(-3)?
6
Suppose 55 = 3*y + 2*y. Let z = y + -15. Let d = -3 - z. What is the units digit of d?
1
Let k = -10 - -6. Let y be (6/k)/((-6)/20). Suppose 4*n + p - 11 = -4, -3*n = -y*p - 11. What is the units digit of n?
2
Let l = 173 - 58. What is the tens digit of l?
1
Let s(f) = f**2 + 7*f - 4. Let v be s(-5). Suppose -110 = -3*d - 2*d. Let r = v + d. What is the units digit of r?
8
Suppose 16 = 2*r - 0. Let s = 27 - r. What is the units digit of s?
9
Let n be (-15)/10 - (-386)/4. Suppose 5*l - 55 - n = 0. What is the tens digit of l?
3
Let p be 19 + (-1)/(2/4). Let g(r) = -r**3 - 10*r**2 - 10*r - 7. Let l be g(-9). What is the units digit of p/l - 4/8?
8
Suppose 30 = -4*v + 322. What is the units digit of v?
3
Suppose 3*r + 3 - 21 = 0. Suppose -r = v + v. Let u = 3 - v. What is the units digit of u?
6
Suppose -3*n + n = -312. What is the tens digit of n?
5
Let b = -102 + 177. What is the units digit of b?
5
Suppose -p + 2*p = 21. Let x = -12 + p. What is the units digit of (x/2)/(2/4)?
9
Suppose 5*w + 4 = 4*q - 4, w = -q - 7. Let k(o) = -2*o - 1. Let l be k(w). Let x = l - 1. What is the units digit of x?
6
Let i = -1 - -2. Let q = 5 - i. Suppose z - 23 = -q*l, 0 = -0*l - 4*l - 5*z + 3. What is the units digit of l?
7
Let f(p) = -p**2 - 12*p + 11. What is the units digit of f(-11)?
2
Suppose 3*c + 46 = -4*x + 2, 0 = -c + 4*x - 36. Let d = -11 - c. What is the units digit of 5/1 + d/3?
8
Let w(r) = 4*r. Let m be w(1). Suppose 3*y = -m + 7. What is the units digit of y?
1
Let b(j) = 2*j**3 - 7*j**2 + 6*j - 3. What is the units digit of b(6)?
3
Let m(y) = y**2 + 6*y - 9. Let v(u) = -u + 6. Let r be v(6). Suppose -f - 2*f - 24 = r. What is the units digit of m(f)?
7
Let t(m) = -3*m**2 - 7*m + 9. Let a(k) = -2*k**2 - 4*k + 5. Let o(c) = -5*a(c) + 3*t(c). What is the units digit of o(3)?
8
Let a(w) be the first derivative of -w**3/3 + 7*w**2/2 - w + 2. Let q be 2 + (5 + -2 - -1). What is the units digit of a(q)?
5
Let g(r) = -r**2 + r + 3. Let u be g(0). Let p = 4 - u. What is the units digit of (-4)/(-3) - p/3?
1
Suppose 5*s = s + 92. What is the units digit of s?
3
Let w(g) be the third derivative of -5*g**4/24 - 7*g**3/6 + 3*g**2. Let x be w(-9). Suppose v - 5*s + 8 = 0, 9*v + s = 4*v + x. What is the units digit of v?
7
Let g(v) = -3*v**3 - 6*v + 6 - 2*v**2 - 2*v**2 + 4*v**3. What is the units digit of g(5)?
1
Suppose -q - 3 = 3*t - 4*q, 4*t - q = 2. What is the units digit of ((-49)/t + 2)*-1?
7
Let f(s) = s**3 - s**2 + s - 2. Let m be f(0). What is the tens digit of (-57)/m - 3/(-6)?
2
Suppose 1091 = 5*q - 4*b + b, q + 3*b - 211 = 0. What is the units digit of q?
7
Suppose 2*a - 3*u - 11 = 0, 2*a + 3*u - 5 = 24. Let c = -5 + a. Suppose 3*v = 4*n + 51, 2*v + 0*n + c*n = 11. What is the tens digit of v?
1
Let i be (12/15)/((-4)/(-10)). Suppose f - 11 = -3*x, -i*f - 3*f = 4*x - 11. Suppose -t = x*a + 17, -2*t = -t - a - 8. What is the units digit of t?
3
Let a = -223 + 396. What is the hundreds digit of a?
1
Let i(v) = 3 - 4*v + 2*v + 0*v + 3*v. What is the units digit of i(12)?
5
What is the units digit of ((-196)/91 - -2) + 2058/26?
9
Let q be (-9)/21 + (-124)/(-28). Suppose r = -4*r + 20. Suppose 2*w - r - q = 0. What is the units digit of w?
4
Let l(m) = -m**2 - 16*m - 15. Let h be l(-10). Let n = 76 - h. Suppose -2*o + 4*o + n = 3*z, -4*z + 30 = 3*o. What is the units digit of z?
9
Suppose 5*o = -3*d + 320 - 45, 0 = -o + 4. What is the tens digit of d?
8
Let q be 1 - 4*(-1)/2. Suppose 0*n - 2*n - q*h = -22, -n - 4*h + 6 = 0. What is the tens digit of n?
1
Suppose 0*u = -u. Let k be u + -4 - (6 + -6). What is the units digit of (-29)/(-4) - (-1)/k?
7
Suppose 2*b - 5*b + 2*f + 412 = 0, 4*b = -f + 553. What is the hundreds digit of b?
1
Let k be ((-1)/(-1))/1*1. What is the tens digit of 126/12 - k/(-2)?
1
Suppose 0*n + 5*n = 0. Suppose n = -4*s + 1 + 7. Suppose -2*o = -4*g - o + 6, 3*g - s*o = 7. What is the units digit of g?
1
What is the units digit of 2/(-2 - 52/(-24))?
2
Let v(l) = l**2 - 3. Let u(m) = -m - 4. Let j be u(-8). Let q be v(j). What is the tens digit of q - (10/(-2) - -2)?
1
Suppose 3*c - 2*x + 23 = -3*x, -5*c - 29 = -3*x. Let m = 5 + c. What is the units digit of (m + -1)/(-1) + 2?
5
Suppose -12 = 4*c, -5*l - 22 + 2 = 5*c. Let o(r) = -5*r + 1. Let v be o(l). Let b(u) = -u**3 + 6*u**2 + 2*u - 2. What is the units digit of b(v)?
0
Let n = -9 + 13. Suppose -n*c + 36 = -64. What is the tens digit of c?
2
Let g = -1 - -7. What is the units digit of g?
6
Let c(g) = -4*g**2 - 4*g + 5. Let o be c(-5). What is the units digit of ((-12)/10)/(10/o)?
9
Suppose -n + y + 232 = 0, 1046 = 3*n + 5*y + 374. What is the tens digit of n?
2
What is the units digit of (4 + -8)*(-23)/4?
3
Let y be 4/((0 - -1) + 0). Let o(u) = 6*u**3. Let p be o(1). Suppose 2*n - y*n = -p. What is the units digit of n?
3
Let j = -7 + 8. What is the units digit of j/3*21*3?
1
What is the units digit of 10/15 + (-307)/(-3)?
3
Suppose 1 + 3 = -2*w. Let p = w + 4. What is the units digit of p?
2
What is the units digit of -4*((-5)/(-2) - 4)?
6
Let s(v) = -5*v**3 - 3*v**2 + v + 3. What is the tens digit of s(-2)?
2
Let k(j) = -2*j + 20. Let f be k(9). What is the units digit of 2/(1/4*f)?
4
Let x(j) = -j - 1. Let f be x(-12). Suppose i = -f + 40. What is the tens digit of i?
2
Let y = 69 - 24. Suppose f = -13 - y. What is the units digit of (-6)/21 + f/(-7)?
8
Let z(h) = -h**3 - 9*h**2 - 4*h - 8. What is the units digit of z(-9)?
8
Let z(h) = -3*h - h**3 + 4*h - 4*h - 3*h**2. Let v be z(-2). What is the tens digit of (v + 1)/1 - -11?
1
Let a be 2 + (2 - (-21 + 3)). Suppose m + 9 - a = 0. What is the units digit of m?
3
Let h(p) be the third derivative of p**4/24 + 4*p**2. Let f be h(-1). Let u = 14 - f. What is the tens digit of u?
1
Suppose -3*f + 11 = 2. Suppose -5*i + 7 = -f. Suppose 20 + 0 = i*n. What is the tens digit of n?
1
Let b(m) = -m**3 - 8*m**2 + 7*m. What is the tens digit of b(-9)?
1
Let y(p) = -2*p**2 - 22*p - 22. What is the units digit of y(-8)?
6
Suppose 0*j = j. Let y = j - -1. What is the units digit of y + -2*1*-1?
3
Suppose -3*b - 4*h + 1 = -1, -h = -b - 11. Let p(j) = -3*j - 8. What is the tens digit of p(b)?
1
Let f(x) = -3*x + 29. What is the units digit of f(9)?
2
Let m be 106/(-4) - (-9)/(-6). Let g be 21/m + (-30)/(-8). Suppose -5 = g*h - 35. What is the tens digit of h?
1
Let m(q) be the third derivative of -q**5/60 + q**4/2 + 5*q**3/6 - 5*q**2. What is the units digit of m(9)?
2
Let l(p) = p + 4. Let u be l(5). Suppose 43 - u = 2*q. What is the tens digit of q?
1
Let z = -18 + 18. Suppose -2*x + 2*h = -z*x, 0 = x - 2*h + 5. What is the units digit of x?
5
What is the units digit of (158*2/(-8))/((-2)/4)?
9
Suppose 106 = -6*b + 334. What is the units digit of b?
8
What is the units digit of (-39)/(-6)*4 + -1?
5
What is the units digit of (-5 - -15)*(-3)/(-6)*20?
0
Let b(n) = -365*n - 3. Wha